ulate the highest common divisor of 60 and 220.
20
Calculate the highest common divisor of 9 and 387.
9
Calculate the greatest common factor of 1965 and 20.
5
What is the highest common divisor of 55 and 275?
55
What is the highest common factor of 22 and 539?
11
What is the greatest common divisor of 80 and 12?
4
What is the highest common factor of 266 and 756?
14
Calculate the greatest common factor of 54 and 1224.
18
What is the greatest common divisor of 3146 and 11?
11
Calculate the greatest common factor of 897 and 2093.
299
Calculate the highest common factor of 12 and 4.
4
Calculate the greatest common factor of 960 and 15.
15
Calculate the highest common divisor of 465 and 45.
15
Calculate the highest common factor of 4670 and 40.
10
Calculate the highest common factor of 33 and 561.
33
Calculate the highest common factor of 60 and 24.
12
Calculate the greatest common factor of 610 and 549.
61
What is the highest common divisor of 5321 and 34?
17
Calculate the greatest common factor of 396 and 441.
9
Calculate the highest common divisor of 885 and 105.
15
Calculate the highest common factor of 408 and 24.
24
Calculate the greatest common divisor of 132 and 30492.
132
Calculate the greatest common divisor of 40 and 10.
10
What is the highest common factor of 25 and 4?
1
Calculate the greatest common factor of 196 and 28.
28
Calculate the highest common factor of 204 and 12.
12
Calculate the greatest common factor of 55 and 715.
55
Calculate the highest common divisor of 432 and 72.
72
What is the greatest common divisor of 47 and 2?
1
Calculate the greatest common divisor of 6613 and 34.
17
Calculate the greatest common factor of 473 and 172.
43
What is the highest common divisor of 290 and 116?
58
Calculate the highest common divisor of 225 and 405.
45
What is the highest common divisor of 23 and 2599?
23
What is the highest common divisor of 4 and 66?
2
Calculate the greatest common divisor of 108 and 810.
54
Calculate the greatest common factor of 737 and 22.
11
What is the greatest common factor of 550 and 44?
22
Calculate the highest common divisor of 130 and 100.
10
Calculate the highest common factor of 6817 and 34.
17
What is the greatest common divisor of 34 and 4488?
34
Calculate the highest common factor of 42 and 210.
42
What is the greatest common divisor of 105 and 490?
35
Calculate the highest common divisor of 58 and 4.
2
What is the greatest common divisor of 40 and 140?
20
What is the highest common factor of 6 and 4254?
6
Calculate the greatest common divisor of 166 and 3071.
83
Calculate the greatest common factor of 343 and 196.
49
What is the highest common divisor of 306 and 54?
18
Calculate the highest common divisor of 1617 and 245.
49
Calculate the highest common divisor of 123 and 648.
3
Calculate the greatest common factor of 1764 and 7.
7
Calculate the greatest common factor of 33 and 3.
3
Calculate the greatest common factor of 152 and 1159.
19
What is the greatest common factor of 5800 and 80?
40
What is the highest common divisor of 396 and 24?
12
What is the greatest common factor of 665 and 70?
35
Calculate the highest common factor of 2 and 52.
2
Calculate the highest common factor of 12 and 87.
3
What is the greatest common divisor of 225 and 1413?
9
Calculate the highest common divisor of 1512 and 840.
168
What is the highest common divisor of 5360 and 20?
20
What is the greatest common divisor of 7 and 3031?
7
Calculate the greatest common factor of 93 and 24149.
31
Calculate the greatest common divisor of 6 and 3.
3
Calculate the greatest common divisor of 152 and 342.
38
What is the highest common divisor of 728 and 56?
56
What is the greatest common factor of 258 and 6063?
129
Calculate the greatest common divisor of 134 and 35912.
134
Calculate the highest common factor of 85 and 102.
17
Calculate the greatest common divisor of 1815 and 45.
15
What is the greatest common factor of 24 and 1335?
3
Calculate the highest common factor of 156 and 3666.
78
What is the greatest common factor of 1210 and 90?
10
Calculate the greatest common divisor of 3611 and 138.
23
Calculate the highest common divisor of 60 and 2445.
15
Calculate the greatest common divisor of 8 and 44.
4
What is the highest common divisor of 1328 and 16?
16
Calculate the greatest common divisor of 46 and 897.
23
Calculate the highest common factor of 4986 and 1939.
277
What is the greatest common factor of 144 and 162?
18
What is the highest common factor of 525 and 7525?
175
What is the highest common divisor of 2032 and 16?
16
What is the highest common divisor of 158 and 79?
79
What is the greatest common factor of 3476 and 308?
44
What is the highest common factor of 7090 and 20?
10
Calculate the highest common divisor of 7 and 301.
7
What is the highest common factor of 5 and 10?
5
What is the greatest common factor of 26 and 43?
1
Calculate the highest common divisor of 182 and 448.
14
Calculate the greatest common divisor of 147 and 14.
7
Calculate the highest common divisor of 12 and 10.
2
What is the highest common divisor of 48 and 1560?
24
What is the highest common divisor of 14 and 4662?
14
Calculate the highest common divisor of 483 and 345.
69
What is the highest common factor of 64 and 3648?
64
Calculate the greatest common divisor of 18 and 1719.
9
Calculate the greatest common factor of 14 and 8.
2
What is the greatest common divisor of 272 and 83504?
272
Calculate the highest common factor of 62 and 56978.
62
Calculate the greatest common divisor of 25472 and 199.
199
What is the highest common factor of 2385 and 1325?
265
Calculate the greatest common divisor of 325 and 13.
13
Calculate the highest common divisor of 448 and 14.
14
Calculate the greatest common factor of 24126 and 12.
6
What is the greatest common factor of 75 and 35?
5
What is the highest common divisor of 2146 and 116?
58
What is the highest common factor of 32 and 1808?
16
Calculate the highest common divisor of 1 and 8.
1
Calculate the highest common divisor of 79900 and 17.
17
Calculate the greatest common divisor of 20 and 452.
4
What is the greatest common divisor of 76 and 1102?
38
Calculate the highest common factor of 5542 and 68.
34
Calculate the greatest common factor of 12075 and 15.
15
What is the highest common factor of 21406 and 308?
154
Calculate the highest common factor of 130 and 52.
26
Calculate the highest common factor of 12 and 5520.
12
Calculate the greatest common divisor of 1807 and 13.
13
What is the greatest common divisor of 57267 and 9?
9
Calculate the highest common factor of 42 and 294.
42
Calculate the greatest common factor of 72 and 168.
24
Calculate the greatest common factor of 60 and 672.
12
Calculate the highest common factor of 148 and 6364.
148
What is the greatest common divisor of 192 and 320?
64
What is the greatest common factor of 498 and 6?
6
Calculate the highest common divisor of 437 and 19.
19
What is the greatest common divisor of 88 and 33?
11
What is the highest common factor of 114 and 6?
6
What is the highest common divisor of 73 and 365?
73
Calculate the highest common factor of 206 and 8.
2
What is the greatest common factor of 55 and 1628?
11
What is the greatest common factor of 156 and 11154?
78
Calculate the greatest common divisor of 18 and 20664.
18
What is the highest common factor of 1580 and 20?
20
What is the highest common factor of 1 and 8?
1
Calculate the greatest common divisor of 340 and 34.
34
Calculate the greatest common divisor of 1408 and 6688.
352
Calculate the highest common factor of 4 and 8212.
4
What is the greatest common divisor of 44 and 64?
4
Calculate the greatest common divisor of 3 and 9.
3
What is the highest common divisor of 1053 and 30186?
351
What is the greatest common factor of 64 and 24?
8
What is the greatest common factor of 2946 and 6?
6
Calculate the highest common divisor of 95 and 2185.
95
Calculate the greatest common factor of 18238 and 176.
22
What is the highest common factor of 90 and 18?
18
Calculate the highest common factor of 2 and 212.
2
Calculate the highest common factor of 96 and 272.
16
Calculate the greatest common divisor of 50570 and 130.
130
Calculate the highest common divisor of 20 and 560.
20
What is the greatest com